st the prime factors of s.
31
Let t be (-1)/2 + 9825/2. Suppose -10*b + t = 6*b. What are the prime factors of b?
307
Suppose 6*z = -4*z - z. Suppose z*y - 2*y = -5*f + 257, 0 = -4*f + y + 208. What are the prime factors of f?
53
Let j be ((-4)/6)/((-7)/21). Let r be (-475)/(-30) - j/(-12). List the prime factors of 2*38*4/r.
19
List the prime factors of ((-501)/334)/(2/(-4644)).
3, 43
Let i(b) = 78*b**2 - 2*b - 2. Let d be i(-1). Suppose -u + 3*m + 40 = 0, -3*u - 4*m + d = m. What are the prime factors of u?
31
Let b(t) = 15*t - t**2 + 16 - 2*t + 2*t**2. Let p be b(-12). Suppose i - 3*d - 49 = 0, -p*d + 150 = 4*i + i. What are the prime factors of i?
2, 17
Let y be (-18)/63 - 69/(-21). Suppose y*f - j - 3*j = 260, 5*j = 3*f - 265. Let a = -2 + f. List the prime factors of a.
2, 3, 13
What are the prime factors of (117 - 0)/((-3)/(-12))?
2, 3, 13
Suppose 3*r - m = 5, -2*m = m - 12. List the prime factors of ((-62)/r)/((-12)/18).
31
Suppose -33*l = -29364 + 7452. What are the prime factors of l?
2, 83
Suppose -h = -4*f + 1637 + 10396, 0 = -2*h - 10. What are the prime factors of f?
31, 97
List the prime factors of 31/(-62) + (-514)/(-4).
2
List the prime factors of 340/1190 + 5948/7.
2, 5, 17
Let g be (-1 + 0)/(2/(-4)). Suppose -83 = -f + g*q, 3*f - q - 248 = 26. List the prime factors of f.
3, 31
Let m(x) be the third derivative of x**4/12 + x**3/6 + 4*x**2. Let q be m(0). Suppose -4*g + 2*f - 6*f = -4, f + q = 0. What are the prime factors of g?
2
Let n(j) = -j**2 - 11*j + 8. Suppose 0 = 18*d - 16*d + 14. Let s be n(d). Let r = 54 - s. What are the prime factors of r?
2, 3
Let i = 55 + 5. Let d = 86 - i. List the prime factors of d.
2, 13
Let c be 3/4 - (-6)/24. List the prime factors of 57 - 1 - c*4.
2, 13
Suppose 7*k - 8 + 134 = 0. What are the prime factors of -1*((-2)/6 - (-1380)/k)?
7, 11
Suppose -147*v + 612 = -129*v. What are the prime factors of v?
2, 17
Let p be (1/(-3))/(1/(-9)). Suppose -4*l + 2*d = -114, -l = -4*d + p*d - 31. List the prime factors of l.
2, 13
Suppose 0*g - 140 = -4*g. Let z = 48 - g. What are the prime factors of z?
13
Let d(r) = 7*r**2 + 8. List the prime factors of d(-4).
2, 3, 5
Let o = 408 + 92. List the prime factors of o.
2, 5
List the prime factors of 282/(-1)*(-12)/8.
3, 47
Let b = 142 + -80. Let p = b - 125. Let d = p - -135. What are the prime factors of d?
2, 3
Let j(k) = 2*k**3 + 4*k**2 + 6*k + 3. Let b(q) = -q**3 - 2*q**2 - 3*q - 1. Let t(z) = 14*b(z) + 6*j(z). What are the prime factors of t(-3)?
2, 5
List the prime factors of 41199/31 + -9*1.
2, 3, 5, 11
Let o(r) = 6*r**2 - 14*r - 8. Let u(i) = -5*i**2 + 13*i + 8. Let v(q) = 6*o(q) + 7*u(q). Let a be v(-8). Suppose a = w + 6. List the prime factors of w.
2, 5
What are the prime factors of 5*1 - (-4964)/17?
3, 11
Suppose g = 3*g - 3*v - 17, 3*v - 3 = -3*g. Suppose -2 = -g*c + 2, 0 = -3*b + 4*c + 119. List the prime factors of b.
41
Let v(w) = -91*w - 86. What are the prime factors of v(-10)?
2, 103
Suppose -2*b + 2*u = -76, 3*b - 2*b + 4*u = 38. Let y be (-2)/6*(-24 - -9). Suppose 0 = y*p - 2*z - 81, -5*z = 2*p - 3*z - b. List the prime factors of p.
17
Suppose -343 = -2*l + l. Suppose -3*y + l = 3*u + 115, 79 = y + 2*u. List the prime factors of y.
73
Let p(k) = -k + 9. Let x be p(1). What are the prime factors of ((-7812)/x)/(-7) - (-2)/(-4)?
139
Let i = 218 - 179. List the prime factors of i.
3, 13
Suppose 5*u = 5*x + 1780 + 385, -3*x = -5*u + 2163. What are the prime factors of u?
2, 3
Let a be ((1 - 0)*-17)/(1/(-9)). Suppose -a = -s + 47. List the prime factors of s.
2, 5
Suppose 19 = b + 5*n - n, 3*b - 36 = -5*n. Suppose -3*h = -b*h + 20. Suppose 5*v = 2*c + 306, h*v + c = 2*c + 303. List the prime factors of v.
2, 3, 5
Let f be (1 - 2)*-3 - 8. What are the prime factors of f/4 - (-138)/8?
2
Let g = -80 + 214. List the prime factors of g.
2, 67
Suppose 1739 + 65 = 4*h. What are the prime factors of h?
11, 41
Let x be 9 - (-1 + (0 - -3) + 0). List the prime factors of x*-4*(-2)/4*7.
2, 7
Suppose -76 = -30*o + 11*o. Suppose -3*p - o*q = -970, 5*p - 1632 = -3*q + 4*q. What are the prime factors of p?
2, 163
Let v(d) be the second derivative of 55*d**3/6 - 17*d**2 + 29*d. List the prime factors of v(4).
2, 3, 31
What are the prime factors of (0 - -1)/(24/36408)?
37, 41
Suppose a - 198 = 3*a. Let z = -29 - a. Let v = z - 47. What are the prime factors of v?
23
What are the prime factors of 1*(-8 - (-580 - 5))?
577
Let b(g) be the third derivative of 1/6*g**4 - 1/120*g**6 - 17/6*g**3 + 0*g + 1/6*g**5 + 7*g**2 + 0. What are the prime factors of b(10)?
23
Let n(h) = 19*h**3 - 7*h**2 + 17*h + 2. List the prime factors of n(3).
503
Suppose -2*y - 5*u + 1833 = 0, 14*y = 13*y + 5*u + 954. List the prime factors of y.
929
Let h = 948 - -500. List the prime factors of h.
2, 181
Let a(q) = 7*q**2 + 68*q - 18. List the prime factors of a(6).
2, 3, 107
List the prime factors of (3640/105)/(1/3).
2, 13
Let g(r) be the second derivative of r**3/6 + 29*r**2/2 + 4*r. What are the prime factors of g(0)?
29
Suppose -4*i + 12 = -8. Suppose 3*r = l - 148, 48 + 55 = -2*r + i*l. Let v = r - -83. What are the prime factors of v?
2, 17
Suppose s = 4*m - 26, 0 = m - 5*s + s + 1. List the prime factors of (-1)/m - (-9219)/49.
2, 47
Suppose -7 = -2*u + 55. Suppose 25 + u = 4*a. Let k = 7 + a. What are the prime factors of k?
3, 7
Let j(t) = -t**3 - 9*t**2 + 10*t - 9. Let a be j(-9). List the prime factors of (-15)/((-10)/2) - a.
2, 3, 17
Suppose -3*n = -4*n + 5. Suppose 2*v - 3*q - 818 = -2*v, n*v - 1023 = 4*q. List the prime factors of v.
7, 29
Let m be (34/(-6))/((-1)/6). Suppose 19*q = -3*q + 1078. Let s = q - m. What are the prime factors of s?
3, 5
Suppose 3*o - 26 = 2*s, -2*s = -2*o + o + 22. List the prime factors of (-346)/s + (-6)/(-15).
5, 7
Let a = 12 - 21. Let b(x) = x + 11. Let s be b(a). Suppose s*w - 3*w = -42. What are the prime factors of w?
2, 3, 7
Let x be (-2)/(-2) - (-1 - 37). Suppose -l = x + 37. What are the prime factors of 6*(l/12)/(-1)?
2, 19
Let y(a) = a**2 + 13*a - 4. Let z be y(-14). What are the prime factors of (-1 + (-83)/2)*(-12 + z)?
5, 17
Suppose 2 + 5 = 4*b + 3*x, -15 = 5*x. Suppose -4*l = -a - 4, 0 = -b*a + 6*a - 8. List the prime factors of ((-3)/l)/((-6)/12).
3
Suppose 20 = 7*t - 1. Let q be (-1)/t*0/5. What are the prime factors of (1 + 9)*1 + q?
2, 5
Let c = -106 - -10. Let o = c + 312. List the prime factors of o.
2, 3
Suppose -1538 = -6*r + 406. Suppose -5*d = 5*n - 300, -5*n - d = -2*d - r. List the prime factors of n.
2
Let r(h) = -h**2 - 8*h - 11. Let d be r(-3). Suppose -3*a - 5*v + 52 = 0, d*a - v - 58 = -2*v. List the prime factors of a.
2, 7
Let u = 5076 - 2841. What are the prime factors of u?
3, 5, 149
Suppose 2*s = 5*x - 56, 0*x + 2*s = 3*x - 32. What are the prime factors of ((-2)/((-4)/46))/(x/36)?
3, 23
Suppose -t + 155 = -2*t. What are the prime factors of t*(4 - 3 - 2)?
5, 31
Suppose -5426 = -4*i - 5*x, x + 6764 = 5*i - 2*x. List the prime factors of i.
2, 677
Suppose -9*t + 320 = t. Let q = t + 40. What are the prime factors of q?
2, 3
Let w be (-11)/44 - 39/(-12). Suppose 280 = 4*k + 4*j - 5*j, -w*j = k - 57. List the prime factors of k.
3, 23
Let g(v) = v + 25. Let n be g(-5). What are the prime factors of (-282)/4*n/(-30)?
47
Let h(o) = o**2 + 3*o - 3. Suppose 4*x - z - 77 = 0, 5*x + 2*z = -9 + 102. Let b = -15 + x. List the prime factors of h(b).
5
Suppose 0 = 16*u - 18*u + 6. Suppose -u*t + 29 = -67. List the prime factors of t.
2
List the prime factors of ((-15)/(-9))/(-3 + (-586)/(-195)).
5, 13
Let j(b) = -b - 10. Let v be j(-5). List the prime factors of v/(-10) + (-42)/(-4).
11
Let f(y) = -6*y + 2*y**2 - 4 - y - 4*y. Let g be f(8). Suppose 2*q + g = 5*q. List the prime factors of q.
2, 3
Suppose 0 = 3*t - 4*t + 559. List the prime factors of t.
13, 43
Suppose 4*d - 3 = 3*d. Let s be (3 + 32/(-12))*36. Suppose -s = d*x, 0*k = 5*k + x - 96. What are the prime factors of k?
2, 5
Suppose 3*h - h + 334 = q, -510 = 3*h + 3*q. What are the prime factors of (h/(-9))/((-2)/(-24))?
2, 7
Let v be 7/(-3 - (-1 + -1)). Let f = 60 - v. List the prime factors of f.
67
Let l(n) = n**3 - 36*n**2 + 74*n + 72. What are the prime factors of l(34)?
2, 3, 23
Let i(a) = 5*a**3 - 2*a**2 + 4*a - 5. Let l be 2 + 9 + (0 - -4). Sup